)))*79?
7
Let d be (-3 + 2)*(3 - 2) - -1. Let b be -1*d/(-4 + 5). Suppose b = 5*j - 25, j = 2*x - 111 - 52. What is the tens digit of x?
8
Let i = 95758 - 66286. What is the hundreds digit of i?
4
What is the hundreds digit of (-54431810)/(-3406) + 2/(-13)?
9
Suppose -150*f = -46980 - 1836270. What is the hundreds digit of f?
5
Suppose 4*k - 3*z - 17476 = 0, 4*z + 8738 = 2*k - 0*z. Suppose -5*o = -5*c + 2*c + k, 5*c - 2*o = 7307. Suppose 2*n = 9*n - c. What is the hundreds digit of n?
2
Let y(r) = -r**2 - 14*r - 49. Let j be y(-10). Let g(v) = v**3 + 11*v**2 + 23*v + 31. Let m be g(j). Let n = 43 + m. What is the tens digit of n?
2
Let k(y) be the first derivative of 511*y**3/3 - 5*y**2/2 - 2*y + 17. What is the units digit of k(-1)?
4
What is the thousands digit of 22/(-33) + (-78296)/(-12)?
6
Let v = -8092 - -13546. Suppose v + 1302 = 12*t. What is the tens digit of t?
6
Let y be (-1)/(1 - (-9)/(-6)). Suppose 3*d + 4*q = 12, -y*d + 2*q + 14 = -d. Suppose 0 = d*c - 381 - 11. What is the units digit of c?
9
Let u = 50 + -41. Let d(o) = o**2 - 2*o - 9. Let q be d(u). Suppose -8*l + 92 = 4*j - 4*l, -2*j - 4*l = -q. What is the units digit of j?
9
Let s = -129 + 122. Let p(r) = -18*r + 11. Let c be p(s). Let x = 217 - c. What is the tens digit of x?
8
Suppose -5*p - 3*p = -65673 - 92463. What is the thousands digit of p?
9
Let q(h) = -4*h**3 - 20*h**2 - 2*h. Suppose 11*m + 25 - 3 = 0. Let n(i) = -4*i**3 - 21*i**2 - 3*i. Let a(u) = m*q(u) + 3*n(u). What is the units digit of a(-7)?
0
Let f(p) = 2*p - 26 - 21 + 27. Let d be f(3). What is the tens digit of ((44/d)/(-1))/(5/35)?
2
Suppose 5*c = 265 + 60. Let l = c - 53. Let x = l - -5. What is the units digit of x?
7
What is the thousands digit of 147 + -143 + 87960/3?
9
What is the tens digit of (212/(-4))/(29/(-319))?
8
Let q(w) = -w**3 - 16*w**2 - w - 508. What is the units digit of q(-19)?
4
Let m = 42 - 39. Let k be 6 - 100/15 - (-1160)/m. What is the units digit of k/4 + -1 + (-6)/(-12)?
6
Let v = 383 + -378. Suppose 10 = 3*d - d + x, v*x - 23 = -d. What is the units digit of d?
3
Suppose -10*n - 139*n + 5887884 = 0. What is the thousands digit of n?
9
Let o(v) = v**3 + 21*v**2 + 17*v - 44. Let x be o(-20). Let b(m) = 8 - m**2 + 1 - 15*m + x. What is the tens digit of b(-13)?
5
Let w be (-72)/16*-1*(-4)/(-3). Let m(h) = 2*h**3 - 8*h + w - 5*h**3 - 6*h + 2*h**3 + 11*h**2. What is the tens digit of m(9)?
4
Suppose 41 - 128 = -g. Suppose -3*z + 3*z + 4*z = -104. Let y = g - z. What is the hundreds digit of y?
1
Let j(n) = -n**2 + 22*n - 106. Let o be j(14). Let b(k) = 10*k**2 - 8*k + 74. What is the hundreds digit of b(o)?
3
Let w(g) be the first derivative of 11*g**2/2 - 13*g - 613. Let f = -7 + 11. What is the tens digit of w(f)?
3
Suppose 0 = -5*a + 15, o + 2*a = 12707 - 3905. What is the thousands digit of o?
8
Let d be (3 - 6 - 2) + 4. Let i be 0 - (-4)/(4/d). Let c = 17 - i. What is the tens digit of c?
1
Let d = -83 + 75. Let p = 12 + d. What is the tens digit of p/26 + 11950/65?
8
Suppose 18*v - 23*v + 4611 = p, 3*p - v - 13753 = 0. What is the tens digit of p?
8
Suppose 2487358 - 396262 = 102*y - 30*y. What is the thousands digit of y?
9
Let l = 17 + -21. What is the tens digit of -5 - 7684/(-14) - l/28?
4
Let p(v) = v**3 + 3*v**2 + v + 7. Let s be p(-3). Suppose o + 6*f - f - 246 = 0, s*f - 694 = -3*o. What is the tens digit of o?
2
What is the tens digit of 7267 + (17/5 + -3 - 837/155)?
6
Suppose 3*w + 3*l = 21, 0 = 2*l - 3 + 7. What is the tens digit of (w + -11)*43*-1?
8
Let t = -2955 + 3109. What is the hundreds digit of t?
1
Let u(r) = 56*r**2 - 20*r + 89. Let n be ((-4)/2)/(56/35 + -2). What is the hundreds digit of u(n)?
3
Suppose -322*g = -321*g + 575. Let w = g - -912. What is the units digit of w?
7
Suppose -79*k + 75*k - 4632 = -4*v, 2*v + 5*k - 2323 = 0. What is the thousands digit of v?
1
Let k(z) = -3*z - 40. Let n be k(-14). Suppose 4*t - 110 = n*t. Suppose -4*m - 4*d + 423 = t, 0 = -m + d + 96. What is the units digit of m?
4
Let z(y) = -4*y - 32. Let r be z(-10). What is the hundreds digit of 480/(-120)*(1 - 814/r)?
4
What is the hundreds digit of (0 + (-3)/2)/(1293/(-22549058))?
1
Suppose 0 = -4*z + 204 - 196. What is the units digit of 126 + 6 - 5 - (z - -2)?
3
Let a be ((1 - -1) + 67)*4. Suppose 3*m - a = -3*c, 0*m - 2*c = 5*m - 448. Suppose 299 = 9*q - m. What is the units digit of q?
3
Suppose 0 = -5*k - 5*r + 95310, 610*k - 611*k + 5*r + 19092 = 0. What is the hundreds digit of k?
0
What is the hundreds digit of (-1 + -395*1)/(15 - 47957/3193)?
3
Let f(b) = -3*b + 76. Let q be f(22). Suppose q = 2*n, 2072 - 227 = 5*j - 3*n. What is the units digit of j?
2
Let p = 186 - 184. Suppose 19*m - p*f = 17*m + 692, 0 = m + 2*f - 352. What is the tens digit of m?
4
Suppose 74*r + 790 = 79*r. Let a be (4 - 4 - 23) + -2. Let b = a + r. What is the units digit of b?
3
Suppose -29 = 3*o + 4*z + 14, 0 = -4*z - 16. Let y be o/45 + 3399/(-5). What is the tens digit of (y/(-12))/(2/3)?
8
Suppose -2*i + 475 - 15 = 0. Suppose 2 = 4*h - 2*d - i, -d + 58 = h. What is the tens digit of h?
5
Suppose 3*t - 81 = 7*o - 11*o, o = -4*t + 30. What is the units digit of o?
8
Suppose -2*f = -2*m, -2 = -3*m + f + 2. Let r(c) = 5*c + 107. Let w be r(-19). What is the units digit of 44/3*(w - 1 - m)?
2
Let k = -3847 - -4227. What is the units digit of k?
0
Let l(c) = -6. Let u(q) = -q**3 - 4*q**2 + 12*q - 6. Let z be u(-6). Let y(w) = -w + 1. Let p(v) = z*y(v) - 6*l(v). What is the units digit of p(7)?
2
Let g = -48355 - -115304. What is the thousands digit of g?
6
Suppose -3*d = -9*d + 18132. Let w = d - 1954. What is the thousands digit of w?
1
Suppose 0 = 5*u - 2 + 17, 5*d = u + 36423. What is the hundreds digit of d?
2
Let w = -121 - 616. Let g = w - -1184. What is the units digit of g?
7
Suppose -26*l = -664 - 2872. Suppose l*y - 129*y = 5782. What is the tens digit of y?
2
Suppose -9*n - 80*n + 985608 = 28*n. What is the hundreds digit of n?
4
Suppose -4042*k + 4027*k = -248085. What is the units digit of k?
9
Let b(p) = p**2 - 2*p + 3. Let m be b(0). Let g be (m + -2)/1 + (-4 - 343). What is the tens digit of -3 - 4/8*g?
7
Let k(y) = 120*y**2 + 754*y - 9056. What is the units digit of k(12)?
2
Let k(v) = 69*v**2 + 22*v - 120. What is the tens digit of k(-12)?
5
Suppose -3*c - 4 = 5, -17925 = -3*u - 4*c. What is the units digit of u?
9
Let p = 73674 + -34777. What is the units digit of p?
7
Suppose 25914 = 3*i + 15*u - 10*u, -u = -5*i + 43190. What is the thousands digit of i?
8
Let q(u) = -u**2 + u + 2. Suppose -3*r = -5*f - 14, 5*f - 6*r + 8 = -5*r. Let x be q(f). What is the units digit of -2 + (-1 - x) + 98?
5
Let z(u) = 4753*u - 4929. What is the hundreds digit of z(6)?
5
Suppose 69*z + 26*z - 2939775 = 0. What is the ten thousands digit of z?
3
Suppose 20*c + 18*c = 35*c. Suppose c = 21*w - 26*w + 1050. What is the hundreds digit of w?
2
Let f(j) = -2*j - 30. Let p(m) = -m**3 + 3*m**2 + 2*m - 9. Let x be p(4). Let a be f(x). What is the units digit of ((-68)/(-7))/(a/14)?
4
Let n = 367 + 315. Suppose 4*t - 5*d - 247 = 2483, d = t - n. Suppose -t = -4*k + 4*l, 3*k + 5*l - 312 = k. What is the units digit of k?
6
Let c(n) = -116*n + 116. Let r be c(-6). Suppose 3*s + y = s + r, -y = -2*s + 808. What is the tens digit of s?
0
What is the tens digit of (95/380)/(142587/71292 - 2)?
4
Let u(q) be the second derivative of 11*q**3/3 - 6*q**2 + 10*q. What is the units digit of u(4)?
6
Let x(k) = 64*k**3 - 8*k**2 + 37*k + 35. What is the thousands digit of x(5)?
8
Suppose 65168 + 469795 = 43*s. What is the thousands digit of s?
2
Let b(c) = -c**3 + 13*c**2 - 4*c + 56. Let a(s) = -s**2 + 13*s - 25. Let x be a(9). Let m be b(x). Let i = 415 - m. What is the units digit of i?
1
Suppose 4*b = -12 + 56. Let m = b + 71. Let x = m - 13. What is the tens digit of x?
6
Let h(p) = -3*p**3 - 15*p**2 - 7*p + 10. Let w be h(-6). Let t = 407 - w. What is the hundreds digit of t?
2
Let z be ((-12)/3)/(2/(-343)). Let i = -173 + z. What is the tens digit of i?
1
Let k(s) = -s**2 + 7*s + 28. Let a be k(-3). Let m(u) = 183*u**2 + 3*u + 10. What is the tens digit of m(a)?
3
Let v = -4299 - -9520. What is the thousands digit of v?
5
Let q(v) = -v**3 + v**2 + 2*v + 302. Let p = -470 + 470. What is the tens digit o